2
What is -2342252 (base 8) in base 13?
-1954cb
Convert -50a90 (base 12) to base 7.
-615534
Convert 1110001100110110010000 (base 2) to base 7.
43433115
Convert -16c8c (base 16) to base 5.
-10441244
Convert -3002232310 (base 4) to base 7.
-6531265
What is -10303230221 (base 4) in base 16?
-133b29
Convert 1437746 (base 9) to base 3.
1111021211120
What is -582460 (base 9) in base 3?
-122202112000
Convert 20b8d8 (base 14) to base 11.
697170
What is -2321101 (base 5) in base 15?
-c6bb
-1611cb (base 15) to base 11
-669654
Convert -224622 (base 9) to base 15.
-29d62
What is 4213343 (base 5) in base 8?
210330
What is -2302103 (base 6) in base 7?
-665301
Convert -101000011100000000000011 (base 2) to base 15.
-de5d1b
Convert 10020100112202 (base 3) to base 10.
1719380
Convert -cbb770 (base 14) to base 7.
-112501200
-64936 (base 11) to base 5
-11004143
Convert 1a798 (base 14) to base 8.
203442
What is aa94 (base 11) in base 4?
3210133
887b3 (base 12) to base 5
21241410
Convert 10010000111011111000 (base 2) to base 6.
20420224
Convert 8630244 (base 10) to base 8.
40727744
Convert 113548 (base 11) to base 7.
1350531
-793b7 (base 13) to base 11
-140615
What is -43304503 (base 6) in base 2?
-100111001011111110111
150203125 (base 7) to base 3
200122211212201
-2352502 (base 6) to base 15
-269de
What is 4154067 (base 10) in base 3?
21211001022100
What is -1303400023 (base 5) in base 10?
-3184388
Convert 93649 (base 12) to base 9.
323333
-144243240 (base 6) to base 4
-23132033220
What is -11a080 (base 13) in base 9?
-712688
-1103123 (base 9) to base 11
-375400
Convert 103012331033 (base 4) to base 3.
100102111101002
729e (base 15) to base 9
36205
198da9 (base 15) to base 4
10233332130
What is -27b83c (base 15) in base 11?
-109665a
Convert -16667a4 (base 12) to base 7.
-54140332
Convert -2234262 (base 7) to base 16.
-43c7d
What is 9588a (base 12) in base 3?
100222120121
Convert 173223 (base 8) to base 7.
352014
-ce7c1 (base 15) to base 8
-2402172
1000000001001101101111 (base 2) to base 5
1014232002
Convert -19963 (base 13) to base 15.
-ebe1
Convert -1003030232023 (base 4) to base 16.
-10ccb8b
d676 (base 16) to base 2
1101011001110110
1000010110101001110 (base 2) to base 4
1002311032
Convert -167827 (base 10) to base 15.
-34ad7
Convert 11bb39 (base 13) to base 12.
1865a0
What is -29701 (base 11) in base 13?
-16222
-1bb7a (base 15) to base 3
-11120220221
Convert 111b00 (base 13) to base 3.
202112001122
Convert -1341435 (base 6) to base 11.
-51843
What is -1120022020000 (base 3) in base 13?
-232014
What is -256a (base 13) in base 5?
-132302
Convert -8366 (base 11) to base 3.
-120012111
107936 (base 10) to base 9
174048
Convert -210281 (base 9) to base 6.
-2402114
720832 (base 10) to base 9
1317714
Convert -1000000111110100001110 (base 2) to base 10.
-2129166
Convert -22a680 (base 11) to base 8.
-1311704
What is -411531 (base 9) in base 10?
-243919
Convert -13054 (base 11) to base 2.
-100100100000101
Convert 122203300 (base 6) to base 5.
1100132413
-22222010222 (base 4) to base 12
-b28922
1b593f (base 16) to base 10
1792319
What is 737aa (base 13) in base 16?
32be1
24354141 (base 7) to base 6
114431450
-59b402 (base 12) to base 10
-1450370
What is 10021100011 (base 3) in base 12?
31327
Convert -22bcc8 (base 14) to base 5.
-300411232
What is 14200 (base 5) in base 3?
1121112
Convert 2211220 (base 5) to base 15.
b540
-13351 (base 15) to base 14
-185ad
What is -110111101010011110110 (base 2) in base 6?
-103032222
Convert -10022002200102 (base 3) to base 10.
-1753742
Convert -102234401 (base 5) to base 11.
-274576
15b9325 (base 12) to base 15
5d5a88
1055014 (base 6) to base 15
11101
What is 2200a9 (base 11) in base 5?
42222003
What is -1142330332 (base 5) in base 3?
-12002010010010
3204241120 (base 5) to base 9
13560156
What is 572287 (base 11) in base 8?
3362625
397c4c (base 16) to base 3
21002101212022
Convert 3165392 (base 11) to base 8.
25200213
Convert -7bb92c (base 14) to base 13.
-b49660
Convert 100001001010000000011 (base 2) to base 7.
12143354
Convert -b280ef (base 16) to base 14.
-17a73b1
What is 1095938 (base 13) in base 11?
2971011
What is 2216603 (base 10) in base 9?
4147542
Convert 456151 (base 8) to base 16.
25c69
What is 23330120 (base 4) in base 3?
2111002212
What is 122403131 (base 5) in base 12?
246055
Convert 2106426 (base 7) to base 6.
5241403
-12020440111 (base 5) to base 15
-1336a21
What is 625603 (base 7) in base 4?
122102020
c29a (base 13) to base 3
1100210200
-145807 (base 14) to base 5
-140104113
-1236350 (base 8) to base 6
-11205120
-1202442 (base 6) to base 12
-30422
-1311354 (base 8) to base 14
-971a4
Convert -4a3458 (base 13) to base 9.
-3310111
Convert 1456ad (base 15) to base 11.
60a539
Convert -10000011011110011111110 (base 2) to base 11.
-2482916
122020320 (base 4) to base 6
2143400
Convert 202003441 (base 5) to base 14.
1723d2
7bc04 (base 15) to base 9
660664
What is 365275 (base 9) in base 2?
110101110011100100
-177992 (base 10) to base 14
-48c1a
What is 239487 (base 11) in base 8?
1343327
What is 131355231 (base 6) in base 3?
11212221111101
What is -1032342 (base 8) in base 2?
-1000011010011100010
-2931c (base 15) to base 6
-2500343
Convert -8ab59 (base 13) to base 6.
-5224251
Convert -2132100223 (base 4) to base 3.
-1012221012201
What is 2a7023 (base 14) in base 5?
334312142
Convert 11101100100101010111110 (base 2) to base 9.
15525237
Convert 746741 (base 8) to base 10.
249313
What is -124c3 (base 13) in base 7?
-200341
What is -231434133 (base 5) in base 15?
-159e98
Convert -ba448 (base 12) to base 15.
-4cd58
Convert 254523 (base 12) to base 6.
21015243
Convert -1501342 (base 7) to base 10.
-202204
Convert b4997a (base 12) to base 13.
784429
Convert -1a3274 (base 14) to base 16.
-e3396
What is 78806 (base 16) in base 11?
307914
111100001101100001010 (base 2) to base 13
541075
What is 2430088 (base 10) in base 15?
33005d
What is -202100 (base 4) in base 15?
-9b2
9603 (base 11) to base 12
7430
Convert 135345 (base 6) to base 4.
3021101
What is 345709 (base 10) in base 14?
8ddb7
What is 442240402 (base 5) in base 10?
1915102
What is -743645 (base 8) in base 2?
-111100011110100101
19ef1 (base 16) to base 13
39472
What is -307237 (base 10) in base 3?
-120121110011
-6773210 (base 11) to base 8
-55202640
What is 122111110012 (base 3) in base 5?
42010132
195652 (base 10) to base 8
576104
Convert 2852e (base 15) to base 11.
89264
What is -1164 (base 11) in base 3?
-2002101
6763420 (base 9) to base 3
20212010110200
Convert -200332221 (base 4) to base 11.
-92541
-572080 (base 9) to base 11
-214528
-2ba4d (base 16) to base 4
-223221031
-4512912 (base 11) to base 5
-4011104104
312113001020 (base 4) to base 16
d97048
Convert 14222627 (base 8) to base 5.
1311032022
-1011011001210 (base 3) to base 5
-124110022
3a26124 (base 12) to base 2
101011110111001100101100
Convert -22011101111111 (base 3) to base 14.
-80cc30
What is 2525151 (base 6) in base 14?
37775
-105412 (base 8) to base 6
-432442
-320336 (base 10) to base 15
-64dab
-123031332 (base 5) to base 2
-10010001011110000010
What is 110212120120010 (base 3) in base 9?
13776503
What is -48178 (base 13) in base 11?
-90270
What is -2110202302 (base 4) in base 7?
-5112601
What is 1063824 (base 10) in base 4?
10003232100
Convert 387957 (base 11) to base 6.
21031313
Convert 5b9938 (base 13) to base 9.
4110740
-1000111011202222 (base 3) to base 2
-110111101110011110001100
Convert 100000010100100010 (base 2) to base 11.
90511
-422713 (base 8) to base 4
-202113023
Convert -5552205 (base 7) to base 10.
-685074
Convert -1101000000000010110 (base 2) to base 8.
-1500026
Convert -2920c6 (base 15) to base 12.
-7b6713
-816f (base 16) to base 3
-1200110020
What is -6d386b (base 14) in base 8?
-16201267
Convert -233231 (base 6) to base 5.
-1121204
What is 33a4 (base 14) in base 13?
4107
-377740 (base 11) to base 8
-2213610
Convert 4255409 (base 11) to base 5.
3404114244
-19100a2 (base 15) to base 2
-1000101101101110111000001
What is 44031 (base 15) in base 14?
58a3c
What is -11010021210 (base 3) in base 5?
-10044004
What is 110011100101001111011 (base 2) in base 8?
6345173
Convert 84b5d (base 14) to base 3.
121021200222
What is 2332041 (base 7) in base 3?
112220210110
Convert -443223 (base 5) to base 11.
-10